{"id":215,"date":"2021-04-14T19:29:38","date_gmt":"2021-04-14T22:29:38","guid":{"rendered":"http:\/\/bymarcelaponce.cl\/?post_type=product&#038;p=215"},"modified":"2025-07-01T12:48:10","modified_gmt":"2025-07-01T16:48:10","slug":"espejo-con-pedestal-dorado-chico","status":"publish","type":"product","link":"https:\/\/bymarcelaponce.cl\/index.php\/product\/espejo-con-pedestal-dorado-chico\/","title":{"rendered":"Espejo con pedestal dorado (chico)"},"content":{"rendered":"<p>Maravilloso espejo cromado, que te entregar\u00e1 toda la elegancia y ayudar\u00e1 a que te puedas maquillar y observar con mayor precisi\u00f3n, debido que cuenta con 2 caras, una de visi\u00f3n normal y otra con aumento. Tama\u00f1o peque\u00f1o en color dorado<\/p>\n","protected":false},"excerpt":{"rendered":"<p>Maravilloso espejo cromado, que te entregar\u00e1 toda la elegancia y ayudar\u00e1 a que te puedas maquillar y observar con mayor&hellip;<\/p>\n","protected":false},"featured_media":216,"comment_status":"open","ping_status":"closed","template":"","meta":[],"product_brand":[],"product_cat":[29],"product_tag":[],"class_list":{"0":"post-215","1":"product","2":"type-product","3":"status-publish","4":"has-post-thumbnail","6":"product_cat-otros","8":"first","9":"outofstock","10":"shipping-taxable","11":"purchasable","12":"product-type-simple"},"yoast_head":"<!-- This site is optimized with the Yoast SEO plugin v27.2 - https:\/\/yoast.com\/product\/yoast-seo-wordpress\/ -->\n<title>Espejo con pedestal dorado (chico) - by Marcela Ponce<\/title>\n<meta name=\"robots\" content=\"index, follow, max-snippet:-1, max-image-preview:large, max-video-preview:-1\" \/>\n<link rel=\"canonical\" href=\"https:\/\/bymarcelaponce.cl\/index.php\/product\/espejo-con-pedestal-dorado-chico\/\" \/>\n<meta property=\"og:locale\" content=\"es_ES\" \/>\n<meta property=\"og:type\" content=\"article\" \/>\n<meta property=\"og:title\" content=\"Espejo con pedestal dorado (chico) - by Marcela Ponce\" \/>\n<meta property=\"og:description\" content=\"Maravilloso espejo cromado, que te entregar\u00e1 toda la elegancia y ayudar\u00e1 a que te puedas maquillar y observar con mayor&hellip;\" \/>\n<meta property=\"og:url\" content=\"https:\/\/bymarcelaponce.cl\/index.php\/product\/espejo-con-pedestal-dorado-chico\/\" \/>\n<meta property=\"og:site_name\" content=\"by Marcela Ponce\" \/>\n<meta property=\"article:modified_time\" content=\"2025-07-01T16:48:10+00:00\" \/>\n<meta property=\"og:image\" content=\"https:\/\/bymarcelaponce.cl\/wp-content\/uploads\/2021\/04\/espejo-con-pedestal-dorado-chico.jpg\" \/>\n\t<meta property=\"og:image:width\" content=\"387\" \/>\n\t<meta property=\"og:image:height\" content=\"520\" \/>\n\t<meta property=\"og:image:type\" content=\"image\/jpeg\" \/>\n<meta name=\"twitter:card\" content=\"summary_large_image\" \/>\n<script type=\"application\/ld+json\" class=\"yoast-schema-graph\">{\"@context\":\"https:\/\/schema.org\",\"@graph\":[{\"@type\":\"WebPage\",\"@id\":\"https:\/\/bymarcelaponce.cl\/index.php\/product\/espejo-con-pedestal-dorado-chico\/\",\"url\":\"https:\/\/bymarcelaponce.cl\/index.php\/product\/espejo-con-pedestal-dorado-chico\/\",\"name\":\"Espejo con pedestal dorado (chico) - by Marcela Ponce\",\"isPartOf\":{\"@id\":\"https:\/\/bymarcelaponce.cl\/#website\"},\"primaryImageOfPage\":{\"@id\":\"https:\/\/bymarcelaponce.cl\/index.php\/product\/espejo-con-pedestal-dorado-chico\/#primaryimage\"},\"image\":{\"@id\":\"https:\/\/bymarcelaponce.cl\/index.php\/product\/espejo-con-pedestal-dorado-chico\/#primaryimage\"},\"thumbnailUrl\":\"https:\/\/bymarcelaponce.cl\/wp-content\/uploads\/2021\/04\/espejo-con-pedestal-dorado-chico.jpg\",\"datePublished\":\"2021-04-14T22:29:38+00:00\",\"dateModified\":\"2025-07-01T16:48:10+00:00\",\"breadcrumb\":{\"@id\":\"https:\/\/bymarcelaponce.cl\/index.php\/product\/espejo-con-pedestal-dorado-chico\/#breadcrumb\"},\"inLanguage\":\"es-CL\",\"potentialAction\":[{\"@type\":\"ReadAction\",\"target\":[\"https:\/\/bymarcelaponce.cl\/index.php\/product\/espejo-con-pedestal-dorado-chico\/\"]}]},{\"@type\":\"ImageObject\",\"inLanguage\":\"es-CL\",\"@id\":\"https:\/\/bymarcelaponce.cl\/index.php\/product\/espejo-con-pedestal-dorado-chico\/#primaryimage\",\"url\":\"https:\/\/bymarcelaponce.cl\/wp-content\/uploads\/2021\/04\/espejo-con-pedestal-dorado-chico.jpg\",\"contentUrl\":\"https:\/\/bymarcelaponce.cl\/wp-content\/uploads\/2021\/04\/espejo-con-pedestal-dorado-chico.jpg\",\"width\":387,\"height\":520},{\"@type\":\"BreadcrumbList\",\"@id\":\"https:\/\/bymarcelaponce.cl\/index.php\/product\/espejo-con-pedestal-dorado-chico\/#breadcrumb\",\"itemListElement\":[{\"@type\":\"ListItem\",\"position\":1,\"name\":\"Portada\",\"item\":\"https:\/\/bymarcelaponce.cl\/\"},{\"@type\":\"ListItem\",\"position\":2,\"name\":\"Tienda\",\"item\":\"https:\/\/bymarcelaponce.cl\/index.php\/shop-2\/\"},{\"@type\":\"ListItem\",\"position\":3,\"name\":\"Espejo con pedestal dorado (chico)\"}]},{\"@type\":\"WebSite\",\"@id\":\"https:\/\/bymarcelaponce.cl\/#website\",\"url\":\"https:\/\/bymarcelaponce.cl\/\",\"name\":\"by Marcela Ponce\",\"description\":\"Tienda de Productos\",\"publisher\":{\"@id\":\"https:\/\/bymarcelaponce.cl\/#organization\"},\"potentialAction\":[{\"@type\":\"SearchAction\",\"target\":{\"@type\":\"EntryPoint\",\"urlTemplate\":\"https:\/\/bymarcelaponce.cl\/?s={search_term_string}\"},\"query-input\":{\"@type\":\"PropertyValueSpecification\",\"valueRequired\":true,\"valueName\":\"search_term_string\"}}],\"inLanguage\":\"es-CL\"},{\"@type\":\"Organization\",\"@id\":\"https:\/\/bymarcelaponce.cl\/#organization\",\"name\":\"by Marcela Ponce\",\"url\":\"https:\/\/bymarcelaponce.cl\/\",\"logo\":{\"@type\":\"ImageObject\",\"inLanguage\":\"es-CL\",\"@id\":\"https:\/\/bymarcelaponce.cl\/#\/schema\/logo\/image\/\",\"url\":\"https:\/\/bymarcelaponce.cl\/wp-content\/uploads\/2021\/04\/cropped-icono.png\",\"contentUrl\":\"https:\/\/bymarcelaponce.cl\/wp-content\/uploads\/2021\/04\/cropped-icono.png\",\"width\":100,\"height\":100,\"caption\":\"by Marcela Ponce\"},\"image\":{\"@id\":\"https:\/\/bymarcelaponce.cl\/#\/schema\/logo\/image\/\"}}]}<\/script>\n<!-- \/ Yoast SEO plugin. -->","yoast_head_json":{"title":"Espejo con pedestal dorado (chico) - by Marcela Ponce","robots":{"index":"index","follow":"follow","max-snippet":"max-snippet:-1","max-image-preview":"max-image-preview:large","max-video-preview":"max-video-preview:-1"},"canonical":"https:\/\/bymarcelaponce.cl\/index.php\/product\/espejo-con-pedestal-dorado-chico\/","og_locale":"es_ES","og_type":"article","og_title":"Espejo con pedestal dorado (chico) - by Marcela Ponce","og_description":"Maravilloso espejo cromado, que te entregar\u00e1 toda la elegancia y ayudar\u00e1 a que te puedas maquillar y observar con mayor&hellip;","og_url":"https:\/\/bymarcelaponce.cl\/index.php\/product\/espejo-con-pedestal-dorado-chico\/","og_site_name":"by Marcela Ponce","article_modified_time":"2025-07-01T16:48:10+00:00","og_image":[{"width":387,"height":520,"url":"https:\/\/bymarcelaponce.cl\/wp-content\/uploads\/2021\/04\/espejo-con-pedestal-dorado-chico.jpg","type":"image\/jpeg"}],"twitter_card":"summary_large_image","schema":{"@context":"https:\/\/schema.org","@graph":[{"@type":"WebPage","@id":"https:\/\/bymarcelaponce.cl\/index.php\/product\/espejo-con-pedestal-dorado-chico\/","url":"https:\/\/bymarcelaponce.cl\/index.php\/product\/espejo-con-pedestal-dorado-chico\/","name":"Espejo con pedestal dorado (chico) - by Marcela Ponce","isPartOf":{"@id":"https:\/\/bymarcelaponce.cl\/#website"},"primaryImageOfPage":{"@id":"https:\/\/bymarcelaponce.cl\/index.php\/product\/espejo-con-pedestal-dorado-chico\/#primaryimage"},"image":{"@id":"https:\/\/bymarcelaponce.cl\/index.php\/product\/espejo-con-pedestal-dorado-chico\/#primaryimage"},"thumbnailUrl":"https:\/\/bymarcelaponce.cl\/wp-content\/uploads\/2021\/04\/espejo-con-pedestal-dorado-chico.jpg","datePublished":"2021-04-14T22:29:38+00:00","dateModified":"2025-07-01T16:48:10+00:00","breadcrumb":{"@id":"https:\/\/bymarcelaponce.cl\/index.php\/product\/espejo-con-pedestal-dorado-chico\/#breadcrumb"},"inLanguage":"es-CL","potentialAction":[{"@type":"ReadAction","target":["https:\/\/bymarcelaponce.cl\/index.php\/product\/espejo-con-pedestal-dorado-chico\/"]}]},{"@type":"ImageObject","inLanguage":"es-CL","@id":"https:\/\/bymarcelaponce.cl\/index.php\/product\/espejo-con-pedestal-dorado-chico\/#primaryimage","url":"https:\/\/bymarcelaponce.cl\/wp-content\/uploads\/2021\/04\/espejo-con-pedestal-dorado-chico.jpg","contentUrl":"https:\/\/bymarcelaponce.cl\/wp-content\/uploads\/2021\/04\/espejo-con-pedestal-dorado-chico.jpg","width":387,"height":520},{"@type":"BreadcrumbList","@id":"https:\/\/bymarcelaponce.cl\/index.php\/product\/espejo-con-pedestal-dorado-chico\/#breadcrumb","itemListElement":[{"@type":"ListItem","position":1,"name":"Portada","item":"https:\/\/bymarcelaponce.cl\/"},{"@type":"ListItem","position":2,"name":"Tienda","item":"https:\/\/bymarcelaponce.cl\/index.php\/shop-2\/"},{"@type":"ListItem","position":3,"name":"Espejo con pedestal dorado (chico)"}]},{"@type":"WebSite","@id":"https:\/\/bymarcelaponce.cl\/#website","url":"https:\/\/bymarcelaponce.cl\/","name":"by Marcela Ponce","description":"Tienda de Productos","publisher":{"@id":"https:\/\/bymarcelaponce.cl\/#organization"},"potentialAction":[{"@type":"SearchAction","target":{"@type":"EntryPoint","urlTemplate":"https:\/\/bymarcelaponce.cl\/?s={search_term_string}"},"query-input":{"@type":"PropertyValueSpecification","valueRequired":true,"valueName":"search_term_string"}}],"inLanguage":"es-CL"},{"@type":"Organization","@id":"https:\/\/bymarcelaponce.cl\/#organization","name":"by Marcela Ponce","url":"https:\/\/bymarcelaponce.cl\/","logo":{"@type":"ImageObject","inLanguage":"es-CL","@id":"https:\/\/bymarcelaponce.cl\/#\/schema\/logo\/image\/","url":"https:\/\/bymarcelaponce.cl\/wp-content\/uploads\/2021\/04\/cropped-icono.png","contentUrl":"https:\/\/bymarcelaponce.cl\/wp-content\/uploads\/2021\/04\/cropped-icono.png","width":100,"height":100,"caption":"by Marcela Ponce"},"image":{"@id":"https:\/\/bymarcelaponce.cl\/#\/schema\/logo\/image\/"}}]}},"_links":{"self":[{"href":"https:\/\/bymarcelaponce.cl\/index.php\/wp-json\/wp\/v2\/product\/215","targetHints":{"allow":["GET"]}}],"collection":[{"href":"https:\/\/bymarcelaponce.cl\/index.php\/wp-json\/wp\/v2\/product"}],"about":[{"href":"https:\/\/bymarcelaponce.cl\/index.php\/wp-json\/wp\/v2\/types\/product"}],"replies":[{"embeddable":true,"href":"https:\/\/bymarcelaponce.cl\/index.php\/wp-json\/wp\/v2\/comments?post=215"}],"wp:featuredmedia":[{"embeddable":true,"href":"https:\/\/bymarcelaponce.cl\/index.php\/wp-json\/wp\/v2\/media\/216"}],"wp:attachment":[{"href":"https:\/\/bymarcelaponce.cl\/index.php\/wp-json\/wp\/v2\/media?parent=215"}],"wp:term":[{"taxonomy":"product_brand","embeddable":true,"href":"https:\/\/bymarcelaponce.cl\/index.php\/wp-json\/wp\/v2\/product_brand?post=215"},{"taxonomy":"product_cat","embeddable":true,"href":"https:\/\/bymarcelaponce.cl\/index.php\/wp-json\/wp\/v2\/product_cat?post=215"},{"taxonomy":"product_tag","embeddable":true,"href":"https:\/\/bymarcelaponce.cl\/index.php\/wp-json\/wp\/v2\/product_tag?post=215"}],"curies":[{"name":"wp","href":"https:\/\/api.w.org\/{rel}","templated":true}]}}