{"id":197,"date":"2021-04-14T18:52:32","date_gmt":"2021-04-14T21:52:32","guid":{"rendered":"http:\/\/bymarcelaponce.cl\/?post_type=product&#038;p=197"},"modified":"2021-04-14T18:52:33","modified_gmt":"2021-04-14T21:52:33","slug":"mini-fascial-massager","status":"publish","type":"product","link":"https:\/\/bymarcelaponce.cl\/producto\/mini-fascial-massager\/","title":{"rendered":"Mini Fascial Massager"},"content":{"rendered":"<p>Esta maravillosa m\u00e1quina te ayudar\u00e1 a Descomponer el \u00e1cido l\u00e1ctico r\u00e1pidamente que se acumula luego de entrenar, esto te ayudar\u00e1 a aliviar el dolor y la rigidez de los m\u00fasculos, a relajar los tejidos blandos tensos, acelerar la circulaci\u00f3n corporal, descomponer el \u00e1cido l\u00e1ctico, acortar el tiempo de recuperaci\u00f3n de los m\u00fasculos y todo ello a partir de la potente vibraci\u00f3n de esta m\u00e1quina.<\/p>\n","protected":false},"excerpt":{"rendered":"<p>Esta maravillosa m\u00e1quina te ayudar\u00e1 a Descomponer el \u00e1cido l\u00e1ctico r\u00e1pidamente que se acumula luego de entrenar, esto te ayudar\u00e1&hellip;<\/p>\n","protected":false},"featured_media":198,"comment_status":"open","ping_status":"closed","template":"","meta":[],"product_brand":[],"product_cat":[28],"product_tag":[],"class_list":{"0":"post-197","1":"product","2":"type-product","3":"status-publish","4":"has-post-thumbnail","6":"product_cat-moom","8":"first","9":"instock","10":"shipping-taxable","11":"purchasable","12":"product-type-simple"},"yoast_head":"<!-- This site is optimized with the Yoast SEO plugin v27.4 - https:\/\/yoast.com\/product\/yoast-seo-wordpress\/ -->\n<title>Mini Fascial Massager - by Marcela Ponce<\/title>\n<meta name=\"robots\" content=\"index, follow, max-snippet:-1, max-image-preview:large, max-video-preview:-1\" \/>\n<link rel=\"canonical\" href=\"https:\/\/bymarcelaponce.cl\/producto\/mini-fascial-massager\/\" \/>\n<meta property=\"og:locale\" content=\"es_ES\" \/>\n<meta property=\"og:type\" content=\"article\" \/>\n<meta property=\"og:title\" content=\"Mini Fascial Massager - by Marcela Ponce\" \/>\n<meta property=\"og:description\" content=\"Esta maravillosa m\u00e1quina te ayudar\u00e1 a Descomponer el \u00e1cido l\u00e1ctico r\u00e1pidamente que se acumula luego de entrenar, esto te ayudar\u00e1&hellip;\" \/>\n<meta property=\"og:url\" content=\"https:\/\/bymarcelaponce.cl\/producto\/mini-fascial-massager\/\" \/>\n<meta property=\"og:site_name\" content=\"by Marcela Ponce\" \/>\n<meta property=\"article:modified_time\" content=\"2021-04-14T21:52:33+00:00\" \/>\n<meta property=\"og:image\" content=\"https:\/\/bymarcelaponce.cl\/wp-content\/uploads\/2021\/04\/Mini-Fascial-Massager-e1618437140445.jpg\" \/>\n\t<meta property=\"og:image:width\" content=\"627\" \/>\n\t<meta property=\"og:image:height\" content=\"1027\" \/>\n\t<meta property=\"og:image:type\" content=\"image\/jpeg\" \/>\n<meta name=\"twitter:card\" content=\"summary_large_image\" \/>\n<script type=\"application\/ld+json\" class=\"yoast-schema-graph\">{\"@context\":\"https:\\\/\\\/schema.org\",\"@graph\":[{\"@type\":\"WebPage\",\"@id\":\"https:\\\/\\\/bymarcelaponce.cl\\\/producto\\\/mini-fascial-massager\\\/\",\"url\":\"https:\\\/\\\/bymarcelaponce.cl\\\/producto\\\/mini-fascial-massager\\\/\",\"name\":\"Mini Fascial Massager - by Marcela Ponce\",\"isPartOf\":{\"@id\":\"https:\\\/\\\/bymarcelaponce.cl\\\/#website\"},\"primaryImageOfPage\":{\"@id\":\"https:\\\/\\\/bymarcelaponce.cl\\\/producto\\\/mini-fascial-massager\\\/#primaryimage\"},\"image\":{\"@id\":\"https:\\\/\\\/bymarcelaponce.cl\\\/producto\\\/mini-fascial-massager\\\/#primaryimage\"},\"thumbnailUrl\":\"https:\\\/\\\/bymarcelaponce.cl\\\/wp-content\\\/uploads\\\/2021\\\/04\\\/Mini-Fascial-Massager-e1618437140445.jpg\",\"datePublished\":\"2021-04-14T21:52:32+00:00\",\"dateModified\":\"2021-04-14T21:52:33+00:00\",\"breadcrumb\":{\"@id\":\"https:\\\/\\\/bymarcelaponce.cl\\\/producto\\\/mini-fascial-massager\\\/#breadcrumb\"},\"inLanguage\":\"es-CL\",\"potentialAction\":[{\"@type\":\"ReadAction\",\"target\":[\"https:\\\/\\\/bymarcelaponce.cl\\\/producto\\\/mini-fascial-massager\\\/\"]}]},{\"@type\":\"ImageObject\",\"inLanguage\":\"es-CL\",\"@id\":\"https:\\\/\\\/bymarcelaponce.cl\\\/producto\\\/mini-fascial-massager\\\/#primaryimage\",\"url\":\"https:\\\/\\\/bymarcelaponce.cl\\\/wp-content\\\/uploads\\\/2021\\\/04\\\/Mini-Fascial-Massager-e1618437140445.jpg\",\"contentUrl\":\"https:\\\/\\\/bymarcelaponce.cl\\\/wp-content\\\/uploads\\\/2021\\\/04\\\/Mini-Fascial-Massager-e1618437140445.jpg\",\"width\":627,\"height\":1027},{\"@type\":\"BreadcrumbList\",\"@id\":\"https:\\\/\\\/bymarcelaponce.cl\\\/producto\\\/mini-fascial-massager\\\/#breadcrumb\",\"itemListElement\":[{\"@type\":\"ListItem\",\"position\":1,\"name\":\"Portada\",\"item\":\"https:\\\/\\\/bymarcelaponce.cl\\\/\"},{\"@type\":\"ListItem\",\"position\":2,\"name\":\"Tienda\",\"item\":\"https:\\\/\\\/bymarcelaponce.cl\\\/shop-2\\\/\"},{\"@type\":\"ListItem\",\"position\":3,\"name\":\"Mini Fascial Massager\"}]},{\"@type\":\"WebSite\",\"@id\":\"https:\\\/\\\/bymarcelaponce.cl\\\/#website\",\"url\":\"https:\\\/\\\/bymarcelaponce.cl\\\/\",\"name\":\"by Marcela Ponce\",\"description\":\"Tienda de Productos\",\"publisher\":{\"@id\":\"https:\\\/\\\/bymarcelaponce.cl\\\/#organization\"},\"potentialAction\":[{\"@type\":\"SearchAction\",\"target\":{\"@type\":\"EntryPoint\",\"urlTemplate\":\"https:\\\/\\\/bymarcelaponce.cl\\\/?s={search_term_string}\"},\"query-input\":{\"@type\":\"PropertyValueSpecification\",\"valueRequired\":true,\"valueName\":\"search_term_string\"}}],\"inLanguage\":\"es-CL\"},{\"@type\":\"Organization\",\"@id\":\"https:\\\/\\\/bymarcelaponce.cl\\\/#organization\",\"name\":\"by Marcela Ponce\",\"url\":\"https:\\\/\\\/bymarcelaponce.cl\\\/\",\"logo\":{\"@type\":\"ImageObject\",\"inLanguage\":\"es-CL\",\"@id\":\"https:\\\/\\\/bymarcelaponce.cl\\\/#\\\/schema\\\/logo\\\/image\\\/\",\"url\":\"https:\\\/\\\/bymarcelaponce.cl\\\/wp-content\\\/uploads\\\/2021\\\/04\\\/cropped-icono.png\",\"contentUrl\":\"https:\\\/\\\/bymarcelaponce.cl\\\/wp-content\\\/uploads\\\/2021\\\/04\\\/cropped-icono.png\",\"width\":100,\"height\":100,\"caption\":\"by Marcela Ponce\"},\"image\":{\"@id\":\"https:\\\/\\\/bymarcelaponce.cl\\\/#\\\/schema\\\/logo\\\/image\\\/\"}}]}<\/script>\n<!-- \/ Yoast SEO plugin. -->","yoast_head_json":{"title":"Mini Fascial Massager - by Marcela Ponce","robots":{"index":"index","follow":"follow","max-snippet":"max-snippet:-1","max-image-preview":"max-image-preview:large","max-video-preview":"max-video-preview:-1"},"canonical":"https:\/\/bymarcelaponce.cl\/producto\/mini-fascial-massager\/","og_locale":"es_ES","og_type":"article","og_title":"Mini Fascial Massager - by Marcela Ponce","og_description":"Esta maravillosa m\u00e1quina te ayudar\u00e1 a Descomponer el \u00e1cido l\u00e1ctico r\u00e1pidamente que se acumula luego de entrenar, esto te ayudar\u00e1&hellip;","og_url":"https:\/\/bymarcelaponce.cl\/producto\/mini-fascial-massager\/","og_site_name":"by Marcela Ponce","article_modified_time":"2021-04-14T21:52:33+00:00","og_image":[{"width":627,"height":1027,"url":"https:\/\/bymarcelaponce.cl\/wp-content\/uploads\/2021\/04\/Mini-Fascial-Massager-e1618437140445.jpg","type":"image\/jpeg"}],"twitter_card":"summary_large_image","schema":{"@context":"https:\/\/schema.org","@graph":[{"@type":"WebPage","@id":"https:\/\/bymarcelaponce.cl\/producto\/mini-fascial-massager\/","url":"https:\/\/bymarcelaponce.cl\/producto\/mini-fascial-massager\/","name":"Mini Fascial Massager - by Marcela Ponce","isPartOf":{"@id":"https:\/\/bymarcelaponce.cl\/#website"},"primaryImageOfPage":{"@id":"https:\/\/bymarcelaponce.cl\/producto\/mini-fascial-massager\/#primaryimage"},"image":{"@id":"https:\/\/bymarcelaponce.cl\/producto\/mini-fascial-massager\/#primaryimage"},"thumbnailUrl":"https:\/\/bymarcelaponce.cl\/wp-content\/uploads\/2021\/04\/Mini-Fascial-Massager-e1618437140445.jpg","datePublished":"2021-04-14T21:52:32+00:00","dateModified":"2021-04-14T21:52:33+00:00","breadcrumb":{"@id":"https:\/\/bymarcelaponce.cl\/producto\/mini-fascial-massager\/#breadcrumb"},"inLanguage":"es-CL","potentialAction":[{"@type":"ReadAction","target":["https:\/\/bymarcelaponce.cl\/producto\/mini-fascial-massager\/"]}]},{"@type":"ImageObject","inLanguage":"es-CL","@id":"https:\/\/bymarcelaponce.cl\/producto\/mini-fascial-massager\/#primaryimage","url":"https:\/\/bymarcelaponce.cl\/wp-content\/uploads\/2021\/04\/Mini-Fascial-Massager-e1618437140445.jpg","contentUrl":"https:\/\/bymarcelaponce.cl\/wp-content\/uploads\/2021\/04\/Mini-Fascial-Massager-e1618437140445.jpg","width":627,"height":1027},{"@type":"BreadcrumbList","@id":"https:\/\/bymarcelaponce.cl\/producto\/mini-fascial-massager\/#breadcrumb","itemListElement":[{"@type":"ListItem","position":1,"name":"Portada","item":"https:\/\/bymarcelaponce.cl\/"},{"@type":"ListItem","position":2,"name":"Tienda","item":"https:\/\/bymarcelaponce.cl\/shop-2\/"},{"@type":"ListItem","position":3,"name":"Mini Fascial Massager"}]},{"@type":"WebSite","@id":"https:\/\/bymarcelaponce.cl\/#website","url":"https:\/\/bymarcelaponce.cl\/","name":"by Marcela Ponce","description":"Tienda de Productos","publisher":{"@id":"https:\/\/bymarcelaponce.cl\/#organization"},"potentialAction":[{"@type":"SearchAction","target":{"@type":"EntryPoint","urlTemplate":"https:\/\/bymarcelaponce.cl\/?s={search_term_string}"},"query-input":{"@type":"PropertyValueSpecification","valueRequired":true,"valueName":"search_term_string"}}],"inLanguage":"es-CL"},{"@type":"Organization","@id":"https:\/\/bymarcelaponce.cl\/#organization","name":"by Marcela Ponce","url":"https:\/\/bymarcelaponce.cl\/","logo":{"@type":"ImageObject","inLanguage":"es-CL","@id":"https:\/\/bymarcelaponce.cl\/#\/schema\/logo\/image\/","url":"https:\/\/bymarcelaponce.cl\/wp-content\/uploads\/2021\/04\/cropped-icono.png","contentUrl":"https:\/\/bymarcelaponce.cl\/wp-content\/uploads\/2021\/04\/cropped-icono.png","width":100,"height":100,"caption":"by Marcela Ponce"},"image":{"@id":"https:\/\/bymarcelaponce.cl\/#\/schema\/logo\/image\/"}}]}},"_links":{"self":[{"href":"https:\/\/bymarcelaponce.cl\/wp-json\/wp\/v2\/product\/197","targetHints":{"allow":["GET"]}}],"collection":[{"href":"https:\/\/bymarcelaponce.cl\/wp-json\/wp\/v2\/product"}],"about":[{"href":"https:\/\/bymarcelaponce.cl\/wp-json\/wp\/v2\/types\/product"}],"replies":[{"embeddable":true,"href":"https:\/\/bymarcelaponce.cl\/wp-json\/wp\/v2\/comments?post=197"}],"wp:featuredmedia":[{"embeddable":true,"href":"https:\/\/bymarcelaponce.cl\/wp-json\/wp\/v2\/media\/198"}],"wp:attachment":[{"href":"https:\/\/bymarcelaponce.cl\/wp-json\/wp\/v2\/media?parent=197"}],"wp:term":[{"taxonomy":"product_brand","embeddable":true,"href":"https:\/\/bymarcelaponce.cl\/wp-json\/wp\/v2\/product_brand?post=197"},{"taxonomy":"product_cat","embeddable":true,"href":"https:\/\/bymarcelaponce.cl\/wp-json\/wp\/v2\/product_cat?post=197"},{"taxonomy":"product_tag","embeddable":true,"href":"https:\/\/bymarcelaponce.cl\/wp-json\/wp\/v2\/product_tag?post=197"}],"curies":[{"name":"wp","href":"https:\/\/api.w.org\/{rel}","templated":true}]}}

<p>Esta maravillosa máquina te ayudará a Descomponer el ácido láctico rápidamente que se acumula luego de entrenar, esto te ayudará a aliviar el dolor y la rigidez de los músculos, a relajar los tejidos blandos tensos, acelerar la circulación corporal, descomponer el ácido láctico, acortar el tiempo de recuperación de los músculos y todo ello a partir de la potente vibración de esta máquina.</p>

<p>Esta maravillosa máquina te ayudará a Descomponer el ácido láctico rápidamente que se acumula luego de entrenar, esto te ayudará&hellip;</p>

<!-- This site is optimized with the Yoast SEO plugin v27.4 - https://yoast.com/product/yoast-seo-wordpress/ -->
<title>Mini Fascial Massager - by Marcela Ponce</title>
<meta name="robots" content="index, follow, max-snippet:-1, max-image-preview:large, max-video-preview:-1" />
<link rel="canonical" href="https://bymarcelaponce.cl/producto/mini-fascial-massager/" />
<meta property="og:locale" content="es_ES" />
<meta property="og:type" content="article" />
<meta property="og:title" content="Mini Fascial Massager - by Marcela Ponce" />
<meta property="og:description" content="Esta maravillosa máquina te ayudará a Descomponer el ácido láctico rápidamente que se acumula luego de entrenar, esto te ayudará&hellip;" />
<meta property="og:url" content="https://bymarcelaponce.cl/producto/mini-fascial-massager/" />
<meta property="og:site_name" content="by Marcela Ponce" />
<meta property="article:modified_time" content="2021-04-14T21:52:33+00:00" />
<meta property="og:image" content="https://bymarcelaponce.cl/wp-content/uploads/2021/04/Mini-Fascial-Massager-e1618437140445.jpg" />
	<meta property="og:image:width" content="627" />
	<meta property="og:image:height" content="1027" />
	<meta property="og:image:type" content="image/jpeg" />
<meta name="twitter:card" content="summary_large_image" />
<script type="application/ld+json" class="yoast-schema-graph">{"@context":"https:\/\/schema.org","@graph":[{"@type":"WebPage","@id":"https:\/\/bymarcelaponce.cl\/producto\/mini-fascial-massager\/","url":"https:\/\/bymarcelaponce.cl\/producto\/mini-fascial-massager\/","name":"Mini Fascial Massager - by Marcela Ponce","isPartOf":{"@id":"https:\/\/bymarcelaponce.cl\/#website"},"primaryImageOfPage":{"@id":"https:\/\/bymarcelaponce.cl\/producto\/mini-fascial-massager\/#primaryimage"},"image":{"@id":"https:\/\/bymarcelaponce.cl\/producto\/mini-fascial-massager\/#primaryimage"},"thumbnailUrl":"https:\/\/bymarcelaponce.cl\/wp-content\/uploads\/2021\/04\/Mini-Fascial-Massager-e1618437140445.jpg","datePublished":"2021-04-14T21:52:32+00:00","dateModified":"2021-04-14T21:52:33+00:00","breadcrumb":{"@id":"https:\/\/bymarcelaponce.cl\/producto\/mini-fascial-massager\/#breadcrumb"},"inLanguage":"es-CL","potentialAction":[{"@type":"ReadAction","target":["https:\/\/bymarcelaponce.cl\/producto\/mini-fascial-massager\/"]}]},{"@type":"ImageObject","inLanguage":"es-CL","@id":"https:\/\/bymarcelaponce.cl\/producto\/mini-fascial-massager\/#primaryimage","url":"https:\/\/bymarcelaponce.cl\/wp-content\/uploads\/2021\/04\/Mini-Fascial-Massager-e1618437140445.jpg","contentUrl":"https:\/\/bymarcelaponce.cl\/wp-content\/uploads\/2021\/04\/Mini-Fascial-Massager-e1618437140445.jpg","width":627,"height":1027},{"@type":"BreadcrumbList","@id":"https:\/\/bymarcelaponce.cl\/producto\/mini-fascial-massager\/#breadcrumb","itemListElement":[{"@type":"ListItem","position":1,"name":"Portada","item":"https:\/\/bymarcelaponce.cl\/"},{"@type":"ListItem","position":2,"name":"Tienda","item":"https:\/\/bymarcelaponce.cl\/shop-2\/"},{"@type":"ListItem","position":3,"name":"Mini Fascial Massager"}]},{"@type":"WebSite","@id":"https:\/\/bymarcelaponce.cl\/#website","url":"https:\/\/bymarcelaponce.cl\/","name":"by Marcela Ponce","description":"Tienda de Productos","publisher":{"@id":"https:\/\/bymarcelaponce.cl\/#organization"},"potentialAction":[{"@type":"SearchAction","target":{"@type":"EntryPoint","urlTemplate":"https:\/\/bymarcelaponce.cl\/?s={search_term_string}"},"query-input":{"@type":"PropertyValueSpecification","valueRequired":true,"valueName":"search_term_string"}}],"inLanguage":"es-CL"},{"@type":"Organization","@id":"https:\/\/bymarcelaponce.cl\/#organization","name":"by Marcela Ponce","url":"https:\/\/bymarcelaponce.cl\/","logo":{"@type":"ImageObject","inLanguage":"es-CL","@id":"https:\/\/bymarcelaponce.cl\/#\/schema\/logo\/image\/","url":"https:\/\/bymarcelaponce.cl\/wp-content\/uploads\/2021\/04\/cropped-icono.png","contentUrl":"https:\/\/bymarcelaponce.cl\/wp-content\/uploads\/2021\/04\/cropped-icono.png","width":100,"height":100,"caption":"by Marcela Ponce"},"image":{"@id":"https:\/\/bymarcelaponce.cl\/#\/schema\/logo\/image\/"}}]}</script>
<!-- / Yoast SEO plugin. -->

Esta maravillosa máquina te ayudará a Descomponer el ácido láctico rápidamente que se acumula luego de entrenar, esto te ayudará&hellip;
